-2. Suppose m = -2*o + 2. Calculate the greatest common factor of g and o.
1
Suppose -m = -31 - 68. Calculate the greatest common divisor of 165 and m.
33
Suppose 6 + 1082 = 17*s. Calculate the highest common divisor of 24 and s.
8
Let f = 88 - 48. Suppose 4*k - f = -0*k. Suppose 0 = -3*a - k + 34. What is the highest common divisor of a and 40?
8
Let p(i) = 3*i**3 - 7*i**3 + 3*i**3 + 2 + i**2 - 4*i + 3*i**2. Let c be p(2). Suppose 2*k - 18 - c = 0. Calculate the greatest common divisor of 2 and k.
2
Suppose -3*n + n + 88 = 4*y, 3*n + 5*y - 132 = 0. What is the greatest common factor of n and 418?
22
Suppose 63 = 2*y - h, -5*y = -2*h + h - 153. Suppose -y = -f - f. What is the highest common divisor of f and 10?
5
Suppose 0 = 6*u - 0 - 18. Suppose u*f = 2*g + 2*g - 462, -3*f + 240 = 2*g. Calculate the highest common divisor of 9 and g.
9
Let a(q) = 2*q**2 - 17*q + 34. Let f be a(8). Let v(n) = -3*n**3 + 6*n**2 + 2*n + 6. Let x be v(-4). Calculate the greatest common factor of f and x.
26
Let t be (5 - 3)/(3 + -4). Let p be (t/4)/((-1)/34). Calculate the greatest common factor of p and 68.
17
Suppose -3*h + 1007 - 239 = 2*y, -3*h = -3*y + 1152. Calculate the greatest common factor of y and 96.
96
Suppose -4*a + 328 = -84*f + 86*f, 0 = 2*a + 5*f - 148. Let v be (-2)/(-12) - (-11331)/54. Calculate the greatest common factor of a and v.
42
Let m be 1/(-4) + 255/60. Suppose m*z = 3*j + 240, -j = -z - z + 122. What is the greatest common divisor of 18 and z?
9
Let r be 30 - (-99)/22*4/6. Let l = 60 - r. Calculate the highest common divisor of 72 and l.
9
Let z(s) = 33*s**2 + 4*s - 1. Let w be z(1). Calculate the greatest common factor of w and 120.
12
Let v(c) = -c**2 + 6*c + 20. Let u be v(5). Calculate the highest common divisor of u and 350.
25
Let u(f) = -f**3 + 11*f**2 + 15*f - 15. Let v be u(12). Let j = v - 19. Let q(o) = 6*o**3 + 2. Let s be q(j). Calculate the greatest common factor of s and 5.
5
Let n be ((-1)/3)/((-3)/9). Let c be 7 - (n - (0 + -1)). Suppose 0 = -c*v + 136 + 44. Calculate the highest common factor of v and 12.
12
Let n(m) = -m**3 - 19*m**2 - 31*m + 68. Let l be n(-17). What is the highest common factor of 1632 and l?
17
Let i(h) = h + 55. Let q(m) = m + 54. Let u(s) = -3*i(s) + 4*q(s). Let c be u(-10). Calculate the highest common factor of c and 369.
41
Let i(x) = -x**2 + 15*x + 34. Let d be i(16). What is the highest common divisor of d and 32?
2
Let h(p) = p**2 + 9*p + 2. Let s = -9 - -9. Suppose w + 2 + 7 = s. Let m be h(w). Calculate the highest common divisor of 5 and m.
1
Let f = -180 + 304. Let k be (-4)/(f/(-40) + 3). What is the highest common divisor of 20 and k?
20
Let s be ((-6)/(-15))/((-1)/25). Let m(w) = w**3 + 12*w**2 + 22*w + 25. Let d be m(s). What is the greatest common factor of 25 and d?
5
Let i(z) = 3*z**2 - 2*z - 1. Let t be -6*(3 - 10/4). Let u be i(t). What is the greatest common divisor of 64 and u?
32
Let q(v) = -v**3 - 7*v**2 - v + 7. Let t be q(-7). Suppose -3*f + 17 = 5*m, 3*f + t = 3*m + f. Calculate the highest common factor of m and 28.
4
Let t(x) = -x + 4. Let w be t(2). Suppose w*s - 69 + 27 = 0. Let k = -453 + 460. Calculate the greatest common factor of s and k.
7
Suppose -6*p + 11*p = 150. Let v(t) = 2*t - 38. Let m be v(24). What is the greatest common factor of p and m?
10
Let g = -862 + 909. What is the greatest common divisor of 1457 and g?
47
Let m(t) = -t**3 + 11*t - 8. Let o be m(-4). What is the highest common divisor of o and 138?
6
Suppose 7*l = 21*l - 308. What is the greatest common factor of l and 2?
2
Suppose 0 = -9*z + 7*z - 6. Let w be 0 + z + 0 - -13. Let m = 12 - 10. What is the highest common factor of m and w?
2
Suppose 10*p + 284 = 3*r + 5*p, 5*p = -5. Calculate the greatest common divisor of 124 and r.
31
Let y be (1 - 2)/(2864/144 - 20). Calculate the highest common factor of 2988 and y.
9
Let t(d) = d**3 - 11*d**2 + d - 5. Let w be t(11). Let h(z) = 5*z - 28. Let c be h(w). Calculate the highest common factor of c and 30.
2
Suppose -47 = -3*b - 5*d, 2*d = -3*b + 9 + 35. Calculate the greatest common factor of 532 and b.
14
Let a(b) = -2*b**2 + 101*b - 42. Let n be a(40). Calculate the highest common factor of n and 42.
42
Let z be (-6)/(-4)*1*(53 - -9). Let u = 22 + 40. Calculate the greatest common divisor of u and z.
31
Suppose z - 3 = -4*r + 1, -4*r - 56 = -4*z. Suppose 4*q + z = q. Let c(u) = 4*u**2 + 4*u - 3. Let d be c(q). What is the greatest common divisor of d and 30?
15
Let h(w) = -w**3 + w**2 + 2*w + 20. Let b be h(0). Let o = 108 - 63. Suppose -27 = -5*k - 3*g + 170, k - 5*g = o. What is the greatest common factor of b and k?
20
Let p(r) = -3*r + 7*r - 9 + 5*r. Let v be p(9). Let i be (v/(-30))/((-2)/35). What is the highest common factor of i and 14?
14
Suppose 5*p = -15, -4*t - 82 = -8*t + 2*p. Let s = t - -1. Suppose -5*x + s = -2*m - 6, -4*x + 19 = -m. Calculate the greatest common factor of 2 and x.
2
Let c be (-1)/1 + 195/5 - -1. Suppose -2*i + b + 64 = 0, -i + 5*b - 16 + c = 0. What is the greatest common divisor of i and 165?
33
Let o(q) = -2 - q**2 + q - q**2 - 1 - q**3 - 1. Let g be o(-4). Suppose -4*j + 126 + 642 = 0. What is the greatest common divisor of j and g?
24
Let n be (-13)/(-5) + 6/15. Suppose 1 = 3*b - 11. Suppose 0 = 4*u - 2*v - 122, -b*v = 3*u - 24 - 95. Calculate the greatest common divisor of u and n.
3
Suppose -3*a = -3*v - 99, 0 = -2*v + 6*v - 3*a + 135. Let h = 148 + v. Calculate the highest common factor of h and 168.
56
Let t(m) = 4*m**2 + 7*m - 42. Let x be t(-7). Let z(g) = 3*g**3 + 3*g**2 - 4*g + 2. Let l be z(2). Calculate the greatest common divisor of x and l.
15
Let l = 44 - 42. Suppose -l*t - 4 = -4*t. Calculate the greatest common divisor of t and 1.
1
Suppose 0*d = -2*d + 10. Let v = d + 33. Let i = -5 + v. What is the greatest common factor of 11 and i?
11
Let g = -9 - -12. Let p(o) = -3*o - 2 + g + 6 - 8*o. Let y be p(-3). What is the highest common factor of y and 10?
10
Suppose 5*s + 276 - 396 = 0. Calculate the highest common factor of s and 348.
12
Suppose -2*i - 3*k + 69 = -2*k, i - 5*k - 51 = 0. Suppose 0 = -3*a + 132 - i. What is the greatest common divisor of 80 and a?
16
Let b = -69 - -65. Let x be (-6)/b*(-500)/(-15). Calculate the greatest common factor of 125 and x.
25
Let r = -77 - -89. Calculate the greatest common factor of 12 and r.
12
Let u(t) = 13*t - 8. Let b be u(1). Let k be ((-8)/(-10))/(b - (-147)/(-30)). What is the greatest common divisor of k and 12?
4
Let w = -16 - -18. Suppose i = 2 + w, 28 = -3*g + 4*i. Let r be (6 + g)*(-34)/(-4). Calculate the highest common divisor of 17 and r.
17
Suppose a = -4*a + 60. Suppose 15*t - 9*t = 360. What is the highest common factor of t and a?
12
Let b be 7 - ((-6)/(-2) - 243). Calculate the highest common factor of 39 and b.
13
Suppose 4*c - 5*g - 56 = 423, 0 = 3*c - 4*g - 360. What is the highest common divisor of 58 and c?
58
Let g(h) = -20*h - 290. Let o be g(-34). Calculate the highest common divisor of o and 30.
30
Let b be 2*(2 + 37/2). What is the greatest common factor of 369 and b?
41
Let g = 770 - 749. Calculate the greatest common divisor of 112 and g.
7
Let o(i) = 7*i - 175. Let a be o(27). What is the greatest common factor of a and 238?
14
Suppose 0 = -2*v + 5*v. Let w be 30 + -1 + v - 3. Suppose 2*y = 5*y - 117. What is the greatest common factor of y and w?
13
Suppose y + 10*d = 5*d + 30, 2*y = 3*d - 5. What is the highest common divisor of y and 160?
5
Let y(t) = -27*t + 6. Let g be y(5). Let p = g - -189. What is the greatest common divisor of p and 24?
12
Let h = 25 + -23. Suppose 5*n = d - 1, -4*n = 3*d - h*d - 28. What is the greatest common factor of 80 and d?
16
Suppose 4*v - b - 11 = 0, 4*v - 4*b + b - 1 = 0. Suppose -v*u + 144 = 4*n - 20, -n = 4*u - 56. What is the highest common factor of 72 and n?
36
Suppose 3*u = -2*o + 431, -3*o - 287 = -2*u - 4*o. What is the greatest common divisor of 13 and u?
13
Suppose 299 = 35*o - 12*o. Calculate the highest common factor of 559 and o.
13
Let h be -2 + (8 - 4 - 5). Let j(r) = 17*r**2 + 4*r + 2. Let n be j(h). Let a be (-1)/(-6)*26*3. What is the highest common divisor of n and a?
13
Let n(u) = -u**2 + 4*u - 2. Let z be n(4). Let o be (1/(-2))/(z/60). Let q = -1088 + 1094